{"id":168,"date":"2025-12-18T18:14:16","date_gmt":"2025-12-18T18:14:16","guid":{"rendered":"https:\/\/maquinanp7a.newlong.com.br\/?page_id=168"},"modified":"2025-12-18T18:14:31","modified_gmt":"2025-12-18T18:14:31","slug":"beneficios-da-maquina-de-costura-de-sacos-portatil","status":"publish","type":"page","link":"https:\/\/maquinadesacariasautomaticads9c.newlong.com.br\/index.php\/beneficios-da-maquina-de-costura-de-sacos-portatil\/","title":{"rendered":"Benef\u00edcios da m\u00e1quina de costura de sacos port\u00e1til"},"content":{"rendered":"\n<p style=\"font-size:25px\">Os benef\u00edcios da m\u00e1quina de costura de sacos port\u00e1til s\u00e3o ideais para opera\u00e7\u00f5es que exigem mobilidade e flexibilidade. Esse tipo de equipamento permite o fechamento de sacos diretamente no local de empacotamento, sem necessidade de deslocamento da carga. Entre os principais benef\u00edcios da m\u00e1quina de costura de sacos port\u00e1til est\u00e1 a praticidade no uso di\u00e1rio.<\/p>\n\n\n\n<p style=\"font-size:25px\">Outro destaque entre os benef\u00edcios da m\u00e1quina de costura de sacos port\u00e1til \u00e9 a redu\u00e7\u00e3o de custos estruturais, j\u00e1 que n\u00e3o exige uma esta\u00e7\u00e3o fixa de trabalho. Leve e f\u00e1cil de manusear, esse equipamento \u00e9 perfeito para ambientes industriais, agr\u00edcolas e log\u00edsticos que demandam agilidade.<\/p>\n\n\n\n<p style=\"font-size:25px\">Al\u00e9m disso, os benef\u00edcios da m\u00e1quina de costura de sacos port\u00e1til incluem rapidez na opera\u00e7\u00e3o, efici\u00eancia na costura e facilidade de transporte. Para empresas que buscam produtividade com flexibilidade, a m\u00e1quina port\u00e1til se torna uma solu\u00e7\u00e3o estrat\u00e9gica e altamente funcional.<\/p>\n\n\n\n<figure class=\"wp-block-image size-large\"><img fetchpriority=\"high\" decoding=\"async\" width=\"1024\" height=\"691\" src=\"https:\/\/maquinanp7a.newlong.com.br\/wp-content\/uploads\/2025\/12\/29-1024x691.webp\" alt=\"\" class=\"wp-image-96\" srcset=\"https:\/\/maquinadesacariasautomaticads9c.newlong.com.br\/wp-content\/uploads\/2025\/12\/29-1024x691.webp 1024w, https:\/\/maquinadesacariasautomaticads9c.newlong.com.br\/wp-content\/uploads\/2025\/12\/29-300x203.webp 300w, https:\/\/maquinadesacariasautomaticads9c.newlong.com.br\/wp-content\/uploads\/2025\/12\/29-768x518.webp 768w, https:\/\/maquinadesacariasautomaticads9c.newlong.com.br\/wp-content\/uploads\/2025\/12\/29-1536x1037.webp 1536w, https:\/\/maquinadesacariasautomaticads9c.newlong.com.br\/wp-content\/uploads\/2025\/12\/29.webp 2000w\" sizes=\"(max-width: 1024px) 100vw, 1024px\" \/><\/figure>\n\n\n\n<p><\/p>\n","protected":false},"excerpt":{"rendered":"<p>Os benef\u00edcios da m\u00e1quina de costura de sacos port\u00e1til s\u00e3o ideais para opera\u00e7\u00f5es que exigem mobilidade e flexibilidade. Esse tipo de equipamento permite o fechamento de sacos diretamente no local de empacotamento, sem necessidade de deslocamento da carga. Entre os principais benef\u00edcios da m\u00e1quina de costura de sacos port\u00e1til est\u00e1 a praticidade no uso di\u00e1rio. [&hellip;]<\/p>\n","protected":false},"author":1,"featured_media":0,"parent":0,"menu_order":0,"comment_status":"closed","ping_status":"closed","template":"","meta":{"footnotes":""},"class_list":["post-168","page","type-page","status-publish","hentry"],"_links":{"self":[{"href":"https:\/\/maquinadesacariasautomaticads9c.newlong.com.br\/index.php\/wp-json\/wp\/v2\/pages\/168","targetHints":{"allow":["GET"]}}],"collection":[{"href":"https:\/\/maquinadesacariasautomaticads9c.newlong.com.br\/index.php\/wp-json\/wp\/v2\/pages"}],"about":[{"href":"https:\/\/maquinadesacariasautomaticads9c.newlong.com.br\/index.php\/wp-json\/wp\/v2\/types\/page"}],"author":[{"embeddable":true,"href":"https:\/\/maquinadesacariasautomaticads9c.newlong.com.br\/index.php\/wp-json\/wp\/v2\/users\/1"}],"replies":[{"embeddable":true,"href":"https:\/\/maquinadesacariasautomaticads9c.newlong.com.br\/index.php\/wp-json\/wp\/v2\/comments?post=168"}],"version-history":[{"count":2,"href":"https:\/\/maquinadesacariasautomaticads9c.newlong.com.br\/index.php\/wp-json\/wp\/v2\/pages\/168\/revisions"}],"predecessor-version":[{"id":170,"href":"https:\/\/maquinadesacariasautomaticads9c.newlong.com.br\/index.php\/wp-json\/wp\/v2\/pages\/168\/revisions\/170"}],"wp:attachment":[{"href":"https:\/\/maquinadesacariasautomaticads9c.newlong.com.br\/index.php\/wp-json\/wp\/v2\/media?parent=168"}],"curies":[{"name":"wp","href":"https:\/\/api.w.org\/{rel}","templated":true}]}}