{"id":156,"date":"2025-12-18T18:05:17","date_gmt":"2025-12-18T18:05:17","guid":{"rendered":"https:\/\/maquinanp7a.newlong.com.br\/?page_id=156"},"modified":"2025-12-18T18:05:19","modified_gmt":"2025-12-18T18:05:19","slug":"maquina-de-costura-para-sacaria-2","status":"publish","type":"page","link":"https:\/\/maquinadesacariasautomaticads9c.newlong.com.br\/index.php\/maquina-de-costura-para-sacaria-2\/","title":{"rendered":"M\u00e1quina de costura para sacaria"},"content":{"rendered":"\n<p style=\"font-size:25px\">A m\u00e1quina de costura para sacaria \u00e9 um equipamento fundamental para empresas que atuam com empacotamento, armazenamento e transporte de produtos ensacados. Seu principal objetivo \u00e9 garantir o fechamento seguro da sacaria, evitando perdas, vazamentos e danos durante a log\u00edstica. A utiliza\u00e7\u00e3o de uma m\u00e1quina de costura para sacaria proporciona padroniza\u00e7\u00e3o no acabamento, aumentando a confiabilidade do produto final.<\/p>\n\n\n\n<p style=\"font-size:25px\">No ambiente industrial, a m\u00e1quina de costura para sacaria se destaca por oferecer resist\u00eancia mec\u00e2nica e capacidade de opera\u00e7\u00e3o cont\u00ednua. Ela \u00e9 amplamente utilizada em ind\u00fastrias aliment\u00edcias, qu\u00edmicas, agr\u00edcolas e de minera\u00e7\u00e3o, onde o volume de sacos fechados diariamente \u00e9 elevado. Al\u00e9m disso, a m\u00e1quina de costura para sacaria permite trabalhar com diferentes materiais, como papel kraft, r\u00e1fia, polipropileno e sacos laminados.<\/p>\n\n\n\n<p style=\"font-size:25px\">Outro ponto importante \u00e9 que a m\u00e1quina de costura para sacaria contribui diretamente para a redu\u00e7\u00e3o de custos operacionais. Ao automatizar o processo de fechamento, diminui-se o retrabalho e o desperd\u00edcio de material, garantindo maior efici\u00eancia produtiva. Para empresas que buscam produtividade, seguran\u00e7a e qualidade, investir em uma m\u00e1quina de costura para sacaria \u00e9 uma decis\u00e3o estrat\u00e9gica.<\/p>\n\n\n\n<figure class=\"wp-block-image size-large\"><img fetchpriority=\"high\" decoding=\"async\" width=\"1024\" height=\"691\" src=\"https:\/\/maquinanp7a.newlong.com.br\/wp-content\/uploads\/2025\/12\/24-1024x691.png\" alt=\"\" class=\"wp-image-74\" srcset=\"https:\/\/maquinadesacariasautomaticads9c.newlong.com.br\/wp-content\/uploads\/2025\/12\/24-1024x691.png 1024w, https:\/\/maquinadesacariasautomaticads9c.newlong.com.br\/wp-content\/uploads\/2025\/12\/24-300x203.png 300w, https:\/\/maquinadesacariasautomaticads9c.newlong.com.br\/wp-content\/uploads\/2025\/12\/24-768x518.png 768w, https:\/\/maquinadesacariasautomaticads9c.newlong.com.br\/wp-content\/uploads\/2025\/12\/24-1536x1037.png 1536w, https:\/\/maquinadesacariasautomaticads9c.newlong.com.br\/wp-content\/uploads\/2025\/12\/24.png 2000w\" sizes=\"(max-width: 1024px) 100vw, 1024px\" \/><\/figure>\n","protected":false},"excerpt":{"rendered":"<p>A m\u00e1quina de costura para sacaria \u00e9 um equipamento fundamental para empresas que atuam com empacotamento, armazenamento e transporte de produtos ensacados. Seu principal objetivo \u00e9 garantir o fechamento seguro da sacaria, evitando perdas, vazamentos e danos durante a log\u00edstica. A utiliza\u00e7\u00e3o de uma m\u00e1quina de costura para sacaria proporciona padroniza\u00e7\u00e3o no acabamento, aumentando a [&hellip;]<\/p>\n","protected":false},"author":1,"featured_media":0,"parent":0,"menu_order":0,"comment_status":"closed","ping_status":"closed","template":"","meta":{"footnotes":""},"class_list":["post-156","page","type-page","status-publish","hentry"],"_links":{"self":[{"href":"https:\/\/maquinadesacariasautomaticads9c.newlong.com.br\/index.php\/wp-json\/wp\/v2\/pages\/156","targetHints":{"allow":["GET"]}}],"collection":[{"href":"https:\/\/maquinadesacariasautomaticads9c.newlong.com.br\/index.php\/wp-json\/wp\/v2\/pages"}],"about":[{"href":"https:\/\/maquinadesacariasautomaticads9c.newlong.com.br\/index.php\/wp-json\/wp\/v2\/types\/page"}],"author":[{"embeddable":true,"href":"https:\/\/maquinadesacariasautomaticads9c.newlong.com.br\/index.php\/wp-json\/wp\/v2\/users\/1"}],"replies":[{"embeddable":true,"href":"https:\/\/maquinadesacariasautomaticads9c.newlong.com.br\/index.php\/wp-json\/wp\/v2\/comments?post=156"}],"version-history":[{"count":1,"href":"https:\/\/maquinadesacariasautomaticads9c.newlong.com.br\/index.php\/wp-json\/wp\/v2\/pages\/156\/revisions"}],"predecessor-version":[{"id":157,"href":"https:\/\/maquinadesacariasautomaticads9c.newlong.com.br\/index.php\/wp-json\/wp\/v2\/pages\/156\/revisions\/157"}],"wp:attachment":[{"href":"https:\/\/maquinadesacariasautomaticads9c.newlong.com.br\/index.php\/wp-json\/wp\/v2\/media?parent=156"}],"curies":[{"name":"wp","href":"https:\/\/api.w.org\/{rel}","templated":true}]}}