{"id":143,"date":"2025-12-15T18:00:18","date_gmt":"2025-12-15T18:00:18","guid":{"rendered":"https:\/\/maquinanp7a.newlong.com.br\/?page_id=143"},"modified":"2025-12-15T18:01:46","modified_gmt":"2025-12-15T18:01:46","slug":"maquina-para-sacaria","status":"publish","type":"page","link":"https:\/\/maquinadesacariasautomaticads9c.newlong.com.br\/index.php\/maquina-para-sacaria\/","title":{"rendered":"M\u00e1quina para sacaria"},"content":{"rendered":"\n<p style=\"font-size:25px\">A <strong>m\u00e1quina para sacaria<\/strong> \u00e9 um equipamento indispens\u00e1vel para empresas que realizam o fechamento de sacos com produtos a granel. Utilizar uma <strong>m\u00e1quina para sacaria<\/strong> adequada garante costura firme, fechamento resistente e maior agilidade na opera\u00e7\u00e3o.<\/p>\n\n\n\n<p style=\"font-size:25px\">A <strong>m\u00e1quina para sacaria<\/strong> \u00e9 amplamente utilizada em setores como agroneg\u00f3cio, ind\u00fastria aliment\u00edcia, f\u00e1bricas e cooperativas, atendendo sacos de diferentes materiais e tamanhos. Com uma <strong>m\u00e1quina para sacaria<\/strong>, o processo de empacotamento se torna mais seguro, padronizado e eficiente.<\/p>\n\n\n\n<p style=\"font-size:25px\">Investir em uma <strong>m\u00e1quina para sacaria<\/strong> de qualidade reduz perdas, evita vazamentos e melhora o desempenho da linha de produ\u00e7\u00e3o, tornando o fechamento das embalagens mais r\u00e1pido e profissional.<\/p>\n\n\n\n<figure class=\"wp-block-image size-large\"><img fetchpriority=\"high\" decoding=\"async\" width=\"1024\" height=\"691\" src=\"https:\/\/maquinanp7a.newlong.com.br\/wp-content\/uploads\/2025\/12\/27-1024x691.png\" alt=\"\" class=\"wp-image-77\" srcset=\"https:\/\/maquinadesacariasautomaticads9c.newlong.com.br\/wp-content\/uploads\/2025\/12\/27-1024x691.png 1024w, https:\/\/maquinadesacariasautomaticads9c.newlong.com.br\/wp-content\/uploads\/2025\/12\/27-300x203.png 300w, https:\/\/maquinadesacariasautomaticads9c.newlong.com.br\/wp-content\/uploads\/2025\/12\/27-768x518.png 768w, https:\/\/maquinadesacariasautomaticads9c.newlong.com.br\/wp-content\/uploads\/2025\/12\/27-1536x1037.png 1536w, https:\/\/maquinadesacariasautomaticads9c.newlong.com.br\/wp-content\/uploads\/2025\/12\/27.png 2000w\" sizes=\"(max-width: 1024px) 100vw, 1024px\" \/><\/figure>\n","protected":false},"excerpt":{"rendered":"<p>A m\u00e1quina para sacaria \u00e9 um equipamento indispens\u00e1vel para empresas que realizam o fechamento de sacos com produtos a granel. Utilizar uma m\u00e1quina para sacaria adequada garante costura firme, fechamento resistente e maior agilidade na opera\u00e7\u00e3o. A m\u00e1quina para sacaria \u00e9 amplamente utilizada em setores como agroneg\u00f3cio, ind\u00fastria aliment\u00edcia, f\u00e1bricas e cooperativas, atendendo sacos de [&hellip;]<\/p>\n","protected":false},"author":1,"featured_media":0,"parent":0,"menu_order":0,"comment_status":"closed","ping_status":"closed","template":"","meta":{"footnotes":""},"class_list":["post-143","page","type-page","status-publish","hentry"],"_links":{"self":[{"href":"https:\/\/maquinadesacariasautomaticads9c.newlong.com.br\/index.php\/wp-json\/wp\/v2\/pages\/143","targetHints":{"allow":["GET"]}}],"collection":[{"href":"https:\/\/maquinadesacariasautomaticads9c.newlong.com.br\/index.php\/wp-json\/wp\/v2\/pages"}],"about":[{"href":"https:\/\/maquinadesacariasautomaticads9c.newlong.com.br\/index.php\/wp-json\/wp\/v2\/types\/page"}],"author":[{"embeddable":true,"href":"https:\/\/maquinadesacariasautomaticads9c.newlong.com.br\/index.php\/wp-json\/wp\/v2\/users\/1"}],"replies":[{"embeddable":true,"href":"https:\/\/maquinadesacariasautomaticads9c.newlong.com.br\/index.php\/wp-json\/wp\/v2\/comments?post=143"}],"version-history":[{"count":1,"href":"https:\/\/maquinadesacariasautomaticads9c.newlong.com.br\/index.php\/wp-json\/wp\/v2\/pages\/143\/revisions"}],"predecessor-version":[{"id":144,"href":"https:\/\/maquinadesacariasautomaticads9c.newlong.com.br\/index.php\/wp-json\/wp\/v2\/pages\/143\/revisions\/144"}],"wp:attachment":[{"href":"https:\/\/maquinadesacariasautomaticads9c.newlong.com.br\/index.php\/wp-json\/wp\/v2\/media?parent=143"}],"curies":[{"name":"wp","href":"https:\/\/api.w.org\/{rel}","templated":true}]}}