{"id":141,"date":"2025-12-15T17:58:22","date_gmt":"2025-12-15T17:58:22","guid":{"rendered":"https:\/\/maquinanp7a.newlong.com.br\/?page_id=141"},"modified":"2025-12-15T17:58:24","modified_gmt":"2025-12-15T17:58:24","slug":"loja-de-maquina-de-sacaria","status":"publish","type":"page","link":"https:\/\/maquinadesacariasautomaticads9c.newlong.com.br\/index.php\/loja-de-maquina-de-sacaria\/","title":{"rendered":"Loja de m\u00e1quina de sacaria"},"content":{"rendered":"\n<p style=\"font-size:25px\">Uma <strong>loja de m\u00e1quina de sacaria<\/strong> especializada \u00e9 essencial para empresas que precisam de equipamentos confi\u00e1veis para fechamento de embalagens industriais. Ao escolher uma <strong>loja de m\u00e1quina de sacaria<\/strong>, voc\u00ea garante acesso a solu\u00e7\u00f5es desenvolvidas para uso cont\u00ednuo, alto desempenho e seguran\u00e7a operacional.<\/p>\n\n\n\n<p style=\"font-size:25px\">A <strong>loja de m\u00e1quina de sacaria<\/strong> atende segmentos como ind\u00fastria aliment\u00edcia, agroneg\u00f3cio, setor qu\u00edmico e centros de empacotamento, oferecendo equipamentos adequados para sacos de r\u00e1fia, papel, juta ou pl\u00e1stico. Trabalhar com uma <strong>loja de m\u00e1quina de sacaria<\/strong> experiente permite mais efici\u00eancia no processo produtivo e redu\u00e7\u00e3o de falhas no fechamento.<\/p>\n\n\n\n<p style=\"font-size:25px\">Contar com uma <strong>loja de m\u00e1quina de sacaria<\/strong> confi\u00e1vel significa investir em produtividade, padroniza\u00e7\u00e3o e melhor acabamento das embalagens, fatores fundamentais para transporte, armazenamento e valoriza\u00e7\u00e3o do produto final.<\/p>\n\n\n\n<figure class=\"wp-block-image size-large\"><img fetchpriority=\"high\" decoding=\"async\" width=\"819\" height=\"1024\" src=\"https:\/\/maquinanp7a.newlong.com.br\/wp-content\/uploads\/2025\/12\/9-819x1024.png\" alt=\"\" class=\"wp-image-33\" srcset=\"https:\/\/maquinadesacariasautomaticads9c.newlong.com.br\/wp-content\/uploads\/2025\/12\/9-819x1024.png 819w, https:\/\/maquinadesacariasautomaticads9c.newlong.com.br\/wp-content\/uploads\/2025\/12\/9-240x300.png 240w, https:\/\/maquinadesacariasautomaticads9c.newlong.com.br\/wp-content\/uploads\/2025\/12\/9-768x960.png 768w, https:\/\/maquinadesacariasautomaticads9c.newlong.com.br\/wp-content\/uploads\/2025\/12\/9.png 1080w\" sizes=\"(max-width: 819px) 100vw, 819px\" \/><\/figure>\n","protected":false},"excerpt":{"rendered":"<p>Uma loja de m\u00e1quina de sacaria especializada \u00e9 essencial para empresas que precisam de equipamentos confi\u00e1veis para fechamento de embalagens industriais. Ao escolher uma loja de m\u00e1quina de sacaria, voc\u00ea garante acesso a solu\u00e7\u00f5es desenvolvidas para uso cont\u00ednuo, alto desempenho e seguran\u00e7a operacional. A loja de m\u00e1quina de sacaria atende segmentos como ind\u00fastria aliment\u00edcia, agroneg\u00f3cio, [&hellip;]<\/p>\n","protected":false},"author":1,"featured_media":0,"parent":0,"menu_order":0,"comment_status":"closed","ping_status":"closed","template":"","meta":{"footnotes":""},"class_list":["post-141","page","type-page","status-publish","hentry"],"_links":{"self":[{"href":"https:\/\/maquinadesacariasautomaticads9c.newlong.com.br\/index.php\/wp-json\/wp\/v2\/pages\/141","targetHints":{"allow":["GET"]}}],"collection":[{"href":"https:\/\/maquinadesacariasautomaticads9c.newlong.com.br\/index.php\/wp-json\/wp\/v2\/pages"}],"about":[{"href":"https:\/\/maquinadesacariasautomaticads9c.newlong.com.br\/index.php\/wp-json\/wp\/v2\/types\/page"}],"author":[{"embeddable":true,"href":"https:\/\/maquinadesacariasautomaticads9c.newlong.com.br\/index.php\/wp-json\/wp\/v2\/users\/1"}],"replies":[{"embeddable":true,"href":"https:\/\/maquinadesacariasautomaticads9c.newlong.com.br\/index.php\/wp-json\/wp\/v2\/comments?post=141"}],"version-history":[{"count":1,"href":"https:\/\/maquinadesacariasautomaticads9c.newlong.com.br\/index.php\/wp-json\/wp\/v2\/pages\/141\/revisions"}],"predecessor-version":[{"id":142,"href":"https:\/\/maquinadesacariasautomaticads9c.newlong.com.br\/index.php\/wp-json\/wp\/v2\/pages\/141\/revisions\/142"}],"wp:attachment":[{"href":"https:\/\/maquinadesacariasautomaticads9c.newlong.com.br\/index.php\/wp-json\/wp\/v2\/media?parent=141"}],"curies":[{"name":"wp","href":"https:\/\/api.w.org\/{rel}","templated":true}]}}