{"id":121,"date":"2025-12-12T14:43:07","date_gmt":"2025-12-12T14:43:07","guid":{"rendered":"https:\/\/maquinanp7a.newlong.com.br\/?page_id=121"},"modified":"2025-12-12T14:43:10","modified_gmt":"2025-12-12T14:43:10","slug":"maquina-de-costurar-saco","status":"publish","type":"page","link":"https:\/\/maquinadesacariasautomaticads9c.newlong.com.br\/index.php\/maquina-de-costurar-saco\/","title":{"rendered":"M\u00e1quina de costurar saco"},"content":{"rendered":"\n<p style=\"font-size:25px\">A <strong>M\u00e1quina de costurar saco<\/strong> NP-7A da Newlong \u00e9 amplamente utilizada em processos industriais que exigem fechamento r\u00e1pido e seguro. Reconhecida pela robustez e facilidade de opera\u00e7\u00e3o, a <strong>M\u00e1quina de costurar saco<\/strong> oferece desempenho consistente e boa durabilidade em produ\u00e7\u00f5es cont\u00ednuas. Por ser port\u00e1til e leve, essa <strong>M\u00e1quina de costurar saco<\/strong> se adapta a diferentes segmentos, incluindo agr\u00edcola, aliment\u00edcio e manufatureiro.<\/p>\n\n\n\n<p style=\"font-size:25px\">A NP-7A tamb\u00e9m atua como <strong>M\u00e1quina de costura para sacaria<\/strong>, atendendo embalagens de r\u00e1fia, papel, algod\u00e3o, polipropileno e outros materiais. Seu sistema simples de acionamento facilita o trabalho di\u00e1rio, tornando a <strong>M\u00e1quina de costura para sacaria<\/strong> adequada para empresas de pequeno, m\u00e9dio e grande porte. A costura firme e uniforme garante que essa <strong>M\u00e1quina de costura para sacaria<\/strong> seja uma op\u00e7\u00e3o confi\u00e1vel para diferentes aplica\u00e7\u00f5es.<\/p>\n\n\n\n<p style=\"font-size:25px\">No fechamento final, a NP-7A funciona como <strong>M\u00e1quina de costurar boca de saco<\/strong>, oferecendo selagem est\u00e1vel e segura. A precis\u00e3o dos pontos torna essa <strong>M\u00e1quina de costurar boca de saco<\/strong> ideal para opera\u00e7\u00f5es que exigem qualidade no acabamento. Por demandar baixa manuten\u00e7\u00e3o, a <strong>M\u00e1quina de costurar boca de saco<\/strong> NP-7A \u00e9 amplamente escolhida em linhas de produ\u00e7\u00e3o que necessitam de efici\u00eancia cont\u00ednua.<\/p>\n\n\n\n<figure class=\"wp-block-image size-large\"><img fetchpriority=\"high\" decoding=\"async\" width=\"1024\" height=\"691\" src=\"https:\/\/maquinanp7a.newlong.com.br\/wp-content\/uploads\/2025\/12\/26-1024x691.png\" alt=\"\" class=\"wp-image-76\" srcset=\"https:\/\/maquinadesacariasautomaticads9c.newlong.com.br\/wp-content\/uploads\/2025\/12\/26-1024x691.png 1024w, https:\/\/maquinadesacariasautomaticads9c.newlong.com.br\/wp-content\/uploads\/2025\/12\/26-300x203.png 300w, https:\/\/maquinadesacariasautomaticads9c.newlong.com.br\/wp-content\/uploads\/2025\/12\/26-768x518.png 768w, https:\/\/maquinadesacariasautomaticads9c.newlong.com.br\/wp-content\/uploads\/2025\/12\/26-1536x1037.png 1536w, https:\/\/maquinadesacariasautomaticads9c.newlong.com.br\/wp-content\/uploads\/2025\/12\/26.png 2000w\" sizes=\"(max-width: 1024px) 100vw, 1024px\" \/><\/figure>\n","protected":false},"excerpt":{"rendered":"<p>A M\u00e1quina de costurar saco NP-7A da Newlong \u00e9 amplamente utilizada em processos industriais que exigem fechamento r\u00e1pido e seguro. Reconhecida pela robustez e facilidade de opera\u00e7\u00e3o, a M\u00e1quina de costurar saco oferece desempenho consistente e boa durabilidade em produ\u00e7\u00f5es cont\u00ednuas. Por ser port\u00e1til e leve, essa M\u00e1quina de costurar saco se adapta a diferentes [&hellip;]<\/p>\n","protected":false},"author":1,"featured_media":0,"parent":0,"menu_order":0,"comment_status":"closed","ping_status":"closed","template":"","meta":{"footnotes":""},"class_list":["post-121","page","type-page","status-publish","hentry"],"_links":{"self":[{"href":"https:\/\/maquinadesacariasautomaticads9c.newlong.com.br\/index.php\/wp-json\/wp\/v2\/pages\/121","targetHints":{"allow":["GET"]}}],"collection":[{"href":"https:\/\/maquinadesacariasautomaticads9c.newlong.com.br\/index.php\/wp-json\/wp\/v2\/pages"}],"about":[{"href":"https:\/\/maquinadesacariasautomaticads9c.newlong.com.br\/index.php\/wp-json\/wp\/v2\/types\/page"}],"author":[{"embeddable":true,"href":"https:\/\/maquinadesacariasautomaticads9c.newlong.com.br\/index.php\/wp-json\/wp\/v2\/users\/1"}],"replies":[{"embeddable":true,"href":"https:\/\/maquinadesacariasautomaticads9c.newlong.com.br\/index.php\/wp-json\/wp\/v2\/comments?post=121"}],"version-history":[{"count":1,"href":"https:\/\/maquinadesacariasautomaticads9c.newlong.com.br\/index.php\/wp-json\/wp\/v2\/pages\/121\/revisions"}],"predecessor-version":[{"id":122,"href":"https:\/\/maquinadesacariasautomaticads9c.newlong.com.br\/index.php\/wp-json\/wp\/v2\/pages\/121\/revisions\/122"}],"wp:attachment":[{"href":"https:\/\/maquinadesacariasautomaticads9c.newlong.com.br\/index.php\/wp-json\/wp\/v2\/media?parent=121"}],"curies":[{"name":"wp","href":"https:\/\/api.w.org\/{rel}","templated":true}]}}